01101 - -101001011110100101111?
101001011110110011100
In base 12, what is -701025 - -277?
-70096a
In base 15, what is a5b62eb - 3?
a5b62e8
In base 2, what is 101111111000110101 + -10010?
101111111000100011
In base 15, what is -33 - -22ca0?
22c6c
In base 15, what is 2644ca + -5?
2644c5
In base 3, what is 212 - 1011001?
-1010012
In base 4, what is -1122202 - -221220?
-300322
In base 15, what is -1a - 73ad8?
-73b03
In base 8, what is -24117 + -4103?
-30222
In base 10, what is 20 - 958344?
-958324
In base 12, what is -17995 - -2417?
-1557a
In base 9, what is 5271 - -103?
5374
In base 13, what is 5056ab34 - -3?
5056ab37
In base 7, what is 615 - 1551?
-633
In base 6, what is 22144 - -34153?
100341
In base 10, what is 18783966 + -13?
18783953
In base 15, what is -136b75 - -118?
-136a5c
In base 3, what is -12 - -20021111110010?
20021111102221
In base 16, what is 4c4cb - -7e?
4c549
In base 4, what is -2110012300031 + -1?
-2110012300032
In base 5, what is -1110203 - 1300?
-1112003
In base 8, what is 16 - 270624?
-270606
In base 11, what is -63 + 1008a7?
100844
In base 6, what is 101 - 12502131?
-12502030
In base 3, what is -21001 + 1112?
-12112
In base 8, what is -1117 - -173737?
172620
In base 9, what is -602 + 70646?
70044
In base 8, what is -167 - 47114?
-47303
In base 16, what is 58 + -c44c?
-c3f4
In base 10, what is -3 + 23968538?
23968535
In base 6, what is -23214 + 132021?
104403
In base 16, what is 19cf9 - 949?
193b0
In base 16, what is 716 + -b12b?
-aa15
In base 9, what is 355 - -5260?
5625
In base 10, what is 3491094 - 6?
3491088
In base 15, what is -46e58 - 9d?
-47006
In base 13, what is 19 - 368c1c?
-368c03
In base 4, what is 2130311 - -32120?
2223031
In base 3, what is -12112 + 12202120001110?
12202112211221
In base 9, what is -20645 + 3140?
-16505
In base 8, what is 3062053111 - 4?
3062053105
In base 4, what is 0 - 201302021020?
-201302021020
In base 5, what is -311420334 - 1333?
-311422222
In base 12, what is 4 + 7a76b27?
7a76b2b
In base 7, what is 10061606 - -16?
10061625
In base 9, what is -5 + -210700532?
-210700537
In base 4, what is 3 - 12112111310033?
-12112111310030
In base 14, what is -38d - -100c?
a5d
In base 3, what is 10120110120 - 11002000?
10102101120
In base 7, what is 4 + -100563363?
-100563356
In base 6, what is -252010245 + -102?
-252010351
In base 8, what is -32 + 15323046?
15323014
In base 4, what is 1033 + -31132220?
-31131121
In base 6, what is 5 + 3323002235?
3323002244
In base 5, what is -324243000130 - 3?
-324243000133
In base 16, what is 2978f + 19fd?
2b18c
In base 16, what is -1 + -590d22?
-590d23
In base 2, what is 100111101101 - -111110110111?
1100110100100
In base 9, what is 10325 + -67?
10247
In base 4, what is -1021200 + 321?
-1020213
In base 8, what is -3454 + 567405?
563731
In base 11, what is -148423 - 206?
-148629
In base 16, what is 133089a - 9?
1330891
In base 6, what is 2025222343 + -10?
2025222333
In base 16, what is -28da + 1aee?
-dec
In base 15, what is -4db - 181?
-66c
In base 14, what is -34843 + -a0a?
-3544d
In base 6, what is 510351 - -13013?
523404
In base 4, what is 210010111200230 - -3?
210010111200233
In base 3, what is 101211101212102001 + 1?
101211101212102002
In base 7, what is -50405 + 1052?
-46323
In base 14, what is c1ca - 35?
c195
In base 11, what is -9976904 + 0?
-9976904
In base 16, what is e8c72 - -14?
e8c86
In base 12, what is -10335 - 51b?
-10854
In base 2, what is -101 + 100001110100101101001011?
100001110100101101000110
In base 7, what is 16311066 + -56?
16311010
In base 7, what is -100256462 + -130?
-100256622
In base 2, what is 0 + 10000100111010111100?
10000100111010111100
In base 14, what is 1b0 - 6934?
-6764
In base 11, what is 134132012 - -4?
134132016
In base 14, what is -18aab + -67d?
-1934a
In base 4, what is 103031011321113 - -10?
103031011321123
In base 5, what is -2232 + -321323?
-324110
In base 3, what is -210 + -201100111020?
-201100112000
In base 10, what is 1 + 1787334?
1787335
In base 10, what is 959435522 + 5?
959435527
In base 11, what is -266 + 1a7002?
1a6847
In base 15, what is 7 - -11839db?
11839e3
In base 6, what is -1213021 + -130322?
-1343343
In base 14, what is 3a568b - 7?
3a5684
In base 3, what is -100211120021 - 220002?
-100212110100
In base 15, what is 10c357 + -40?
10c317
In base 16, what is -14615 + 2?
-14613
In base 2, what is -11001100000011001110101100 - 101?
-11001100000011001110110001
In base 16, what is 1b + -196152?
-196137
In base 11, what is -11a98 + 352?
-11746
In base 7, what is 66 + -441003?
-440604
In base 7, what is 12622 - -506551?
522503
In base 12, what is 1 + 1193988?
1193989
In base 15, what is 6d - 2e94b?
-2e8cd
In base 15, what is -70 + -29cc8?
-29d48
In base 11, what is -13008800 + -3?
-13008803
In base 8, what is -102237511 - 11?
-102237522
In base 3, what is 12001212221012210 + 10?
12001212221012220
In base 10, what is 3 - -8106124?
8106127
In base 11, what is -3373 - -4881?
1509
In base 6, what is -240 + 100213112?
100212432
In base 15, what is -22 - -c64322?
c64300
In base 12, what is 1792 + 6a5?
2277
In base 16, what is -b6ad9d + -6?
-b6ada3
In base 3, what is -2112010101212 - 122?
-2112010102111
In base 3, what is 1101000000112 + -1102?
1100222222010
In base 16, what is 827e - -ce9?
8f67
In base 8, what is 150247 - 13701?
134346
In base 9, what is 244 + 1814538?
1814783
In base 15, what is -ac40d + -2e9?
-ac707
In base 14, what is -524c + -215b?
-73a9
In base 8, what is 25033016745 - 2?
25033016743
In base 3, what is -1210022121122110 - -11?
-1210022121122022
In base 16, what is -2d9e54 + 2?
-2d9e52
In base 7, what is -206462 - 43?
-206535
In base 2, what is -10001000 + 11001111100000?
11001101011000
In base 2, what is 11010000000 - 10111111110101100000?
-10111111011011100000
In base 10, what is 75 - -196658?
196733
In base 6, what is -13 + -32503153?
-32503210
In base 5, what is 40041420 - -13?
40041433
In base 3, what is 1101 - -2121001002111?
2121001010212
In base 3, what is 1020000221101102 + 12?
1020000221101121
In base 15, what is 128e22 - -4?
128e26
In base 15, what is 25db - 705?
1dd6
In base 5, what is 22422043230 + 1?
22422043231
In base 14, what is 0 + -1acc8?
-1acc8
In base 3, what is 2210 - -2221011000210?
2221011010120
In base 10, what is 64545 - -1063?
65608
In base 5, what is 0 - -2201200430?
2201200430
In base 12, what is -8 + -31b05556?
-31b05562
In base 11, what is 348 + 7a93?
8330
In base 14, what is c2 - a9cd?
-a90b
In base 9, what is -3 + -23137515?
-23137518
In base 2, what is -1111100010 - -110100000010?
100100100000
In base 4, what is -1130213 - 112113?
-1302332
In base 2, what is -100 - 10100101111111001011011101?
-10100101111111001011100001
In base 15, what is -211 + -489c?
-4aad
In base 6, what is 1440324 - -402?
1441130
In base 16, what is -9 + -39ee1?
-39eea
In base 4, what is -223101032310 - -10?
-223101032300
In base 16, what is a0f947 + 5?
a0f94c
In base 8, what is -760 - 3212410?
-3213370
In base 8, what is 5 - 124643776?
-124643771
In base 10, what is 8388 - -9?
8397
In base 14, what is 65c - -418c4?
42142
In base 8, what is 1152204420 - -5?
1152204425
In base 6, what is 33334200 + 210?
33334410
In base 6, what is -1214 + 32334521?
32333303
In base 13, what is -5763aa + -8?
-5763b5
In base 14, what is -5844 + 303?
-5541
In base 8, what is -70735 - -530?
-70205
In base 15, what is 10 + 32d10?
32d20
In base 10, what is 1456 - -6264?
7720
In base 12, what is -2 + -45482b9?
-45482bb
In base 15, what is -2c4a01 + -6?
-2c4a07
In base 4, what is -1 + -103000200322?
-103000200323
In base 16, what is -6a68f - 3?
-6a692
In base 15, what is 11921 - -d9?
11a0a
In base 6, what is 15011220402 + -2?
15011220400
In base 13, what is -b9 - -1c6a2?
1c5b6
In base 8, what is 6 + 4116555?
4116563
In base 11, what is -5 + -1035aaaa?
-10360004
In base 3, what is 2 - -11012111002002?
11012111002011
In base 8, what is 0 + 13317?
13317
In base 12, what is 1539 + 1a258?
1b795
In base 5, what is 12 + 3243034?
3243101
In base 14, what is -288c2 + -3d4c?
-2c830
In base 4, what is -1131023 - 1010210?
-2201233
In base 3, what is -1222011222022 - 2212?
-1222012002011
In base 5, what is 124300 + 33304?
213104
In base 16, what is 15 + 1cf1234?
1cf1249
In base 10, what is -4 + -16651558?
-16651562
In base 9, what is